
Is 5333897 prime?
True
Is 98381441 a composite number?
False
Is 34970267 a prime number?
True
Is 463247 composite?
False
Is 84811719 prime?
False
Is 10226371 a composite number?
False
Is 12145589 a composite number?
False
Is 591547111 a composite number?
False
Is 12194149 a prime number?
False
Is 221440937 a prime number?
True
Is 1119131843 prime?
True
Is 17635019 a composite number?
False
Is 4760593 a composite number?
True
Is 50422199 composite?
False
Is 2418509 a prime number?
True
Is 4822071 prime?
False
Is 50584271 a prime number?
True
Is 265873447 a prime number?
False
Is 20011 a prime number?
True
Is 30926033 a composite number?
True
Is 353839531 prime?
False
Is 14962169 prime?
True
Is 27929 composite?
True
Is 8405183 composite?
False
Is 247230913 prime?
True
Is 43945997 a composite number?
False
Is 14563 prime?
True
Is 666123 prime?
False
Is 962567 prime?
False
Is 96962537 a composite number?
True
Is 34714621 a composite number?
True
Is 1260419 a composite number?
False
Is 268147879 a prime number?
True
Is 21358777 prime?
False
Is 1926521 a prime number?
True
Is 39522667 composite?
False
Is 11953423 a composite number?
True
Is 7715579 composite?
False
Is 9242009 prime?
False
Is 7799686 prime?
False
Is 298405381 a prime number?
False
Is 3455762 prime?
False
Is 4290389 prime?
False
Is 131446331 composite?
True
Is 8449327 prime?
True
Is 2651381 prime?
False
Is 27776963 composite?
True
Is 135342421 a composite number?
False
Is 5405707 a prime number?
False
Is 670279 composite?
False
Is 3281687 a prime number?
True
Is 8580799 a prime number?
False
Is 961423 a prime number?
False
Is 44558159 a prime number?
True
Is 62245783 composite?
False
Is 7929721 composite?
True
Is 100974553 a prime number?
False
Is 1310171 prime?
True
Is 2137127 a composite number?
True
Is 47275687 composite?
False
Is 112378769 a prime number?
True
Is 2025767 a prime number?
True
Is 879987 composite?
True
Is 3433103 composite?
True
Is 16167351 a composite number?
True
Is 482908735 a composite number?
True
Is 11013413 prime?
False
Is 598326221 composite?
False
Is 20376869 a prime number?
True
Is 1427089 composite?
False
Is 16893479 a prime number?
True
Is 431719513 composite?
False
Is 6028141 prime?
False
Is 3101821 a prime number?
False
Is 400001933 composite?
False
Is 83807771 prime?
True
Is 18187681 prime?
True
Is 7118765 prime?
False
Is 306619559 a composite number?
False
Is 103482919 a composite number?
False
Is 9122422 composite?
True
Is 38784355 prime?
False
Is 13101401 composite?
True
Is 4645783 prime?
True
Is 185101051 a composite number?
False
Is 5068849 a composite number?
False
Is 3013817 a composite number?
False
Is 285747667 composite?
False
Is 193088537 a prime number?
True
Is 82717685 prime?
False
Is 19334459 a prime number?
True
Is 712891579 prime?
True
Is 3799253 a prime number?
False
Is 7661189 composite?
False
Is 5231233 prime?
False
Is 9121057 prime?
False
Is 15901829 prime?
True
Is 72774041 a composite number?
False
Is 241043021 a composite number?
False
Is 53836789 a prime number?
False
Is 4948367 a composite number?
False
Is 156663497 prime?
True
Is 59083883 a composite number?
True
Is 6904855 a composite number?
True
Is 30981373 a composite number?
False
Is 103653017 prime?
False
Is 1025197 composite?
False
Is 760675913 a prime number?
True
Is 2515969 composite?
True
Is 2183767 prime?
False
Is 810949 composite?
False
Is 3399083 a composite number?
False
Is 62633297 a prime number?
True
Is 52755355 a prime number?
False
Is 341502059 a prime number?
True
Is 10169 a prime number?
True
Is 903686063 a composite number?
True
Is 38370531 composite?
True
Is 467101 a composite number?
False
Is 2426309 prime?
True
Is 5545303 a prime number?
False
Is 20204519 composite?
False
Is 763550059 a composite number?
False
Is 7814911 composite?
True
Is 20361031 a composite number?
False
Is 52103747 prime?
False
Is 52662331 a prime number?
False
Is 157959895 composite?
True
Is 196386893 a prime number?
True
Is 12627167 a composite number?
True
Is 375917 a composite number?
True
Is 44663797 prime?
True
Is 1388423 a prime number?
False
Is 3337501 a prime number?
True
Is 163112749 composite?
True
Is 6896207 composite?
True
Is 377327 composite?
False
Is 26238923 a composite number?
False
Is 541355 composite?
True
Is 231798507 a composite number?
True
Is 14594561 composite?
True
Is 62938 a composite number?
True
Is 333677 a composite number?
True
Is 2611321 prime?
True
Is 85845043 prime?
True
Is 14793151 a prime number?
False
Is 17086661 a composite number?
False
Is 207803 prime?
False
Is 4867871 prime?
True
Is 4922213 composite?
False
Is 3308321 a prime number?
True
Is 200632859 a composite number?
True
Is 408706303 a composite number?
True
Is 12268462 prime?
False
Is 3588229 a composite number?
False
Is 11762789 prime?
False
Is 142580663 prime?
True
Is 102582727 prime?
False
Is 6896753 composite?
True
Is 323312111 a composite number?
False
Is 1715173 a composite number?
True
Is 5939273 composite?
True
Is 100967549 composite?
False
Is 7083059 a composite number?
True
Is 69023527 prime?
True
Is 39022733 a prime number?
True
Is 5435827 a composite number?
False
Is 13336681 a composite number?
False
Is 4249327 a composite number?
False
Is 159965711 composite?
True
Is 5112337 composite?
True
Is 2895637 a prime number?
True
Is 563591 a composite number?
True
Is 2913067 a prime number?
True
Is 34584843 prime?
False
Is 40286551 a composite number?
False
Is 309600959 a composite number?
False
Is 16402747 a composite number?
True
Is 19178617 a prime number?
False
Is 555481 a prime number?
False
Is 147774283 a composite number?
False
Is 30594749 composite?
False
Is 3072074 a prime number?
False
Is 2657741 composite?
False
Is 92029037 a prime number?
True
Is 112397 prime?
True
Is 37652767 prime?
True
Is 296644753 composite?
True
Is 5066651 a composite number?
True
Is 14927959 prime?
True
Is 4391 a prime number?
True
Is 186947 a prime number?
True
Is 2923981 a composite number?
True
Is 7297937 a prime number?
False
Is 375967 prime?
True
Is 1306369579 prime?
True
Is 42863203 prime?
True
Is 1890578 composite?
True
Is 973551 prime?
False
Is 114985367 prime?
False
Is 855901 composite?
False
Is 245382961 a prime number?
True
Is 4903 a composite number?
False
Is 5773021 a composite number?
False
Is 2113445 prime?
False
Is 490758701 a prime number?
True
Is 16411363 a composite number?
False
Is 17156521 a composite number?
False
Is 36339803 prime?
True
Is 57000299 prime?
False
Is 1588183 a composite number?
False
Is 32079143 prime?
True
Is 590324953 a composite number?
False
Is 6964847 prime?
True
Is 7666837 composite?
True
Is 80642773 a composite number?
False
Is 785993597 prime?
True
Is 514868015 prime?
False
Is 289953769 a composite number?
True
Is 224229079 prime?
True
Is 1687081 prime?
False
Is 18731621 prime?
False
Is 403961966 composite?
True
Is 68792137 a prime number?
False
Is 863817779 a composite number?
True
Is 258155 a prime number?
False
Is 48423607 composite?
True
Is 94837409 prime?
False
Is 424211 prime?
False
Is 6421417 composite?
False
Is 27965347 prime?
True
Is 100997121 composite?
True
Is 19713749 a prime number?
False
Is 941911 a prime number?
True
Is 4584751 prime?
False
Is 20506631 a prime number?
True
Is 1329605 composite?
True
Is 15320317 a prime number?
False
Is 67098971 prime?
True
Is 24779641 a prime number?
True
Is 157555 a prime number?
False
Is 144008629 composite?
False
Is 211976353 a prime number?
True
Is 1469827 prime?
False
Is 27910549 prime?
False
Is 15740101 a prime number?
False
Is 37781342 a prime number?
False
Is 69425877 a prime number?
False
Is 117771389 prime?
True
Is 42202 composite?
True
Is 369877 a composite number?
False
Is 5396507 a prime number?
True
Is 693931801 a composite number?
False
Is 45079751 a composite number?
False
Is 19966709 prime?
False
Is 27911809 a prime number?
False
Is 119642219 a composite number?
False
Is 31911791 a composite number?
False
Is 1608491 prime?
False
Is 27424789 composite?
True
Is 464039 a composite number?
True
Is 9104617 prime?
True
Is 41068037 composite?
False
Is 65605493 prime?
False
Is 8763439 a composite number?
False
Is 208498709 a prime number?
True
Is 91688309 a composite number?
False
Is 86691